 p?
5
Suppose -296 = 2*l - 298. What is the tens digit of 18/24*l*324?
4
Let n be ((-123)/2)/((-159)/(-24) - 7). Let p = -73 + n. What is the tens digit of p + (4/2 - 2)?
9
Let v = 95341 - 48635. What is the units digit of v?
6
Suppose 3*y - 385 = 380. Let q = -122 + y. Let v = q + -68. What is the tens digit of v?
6
Suppose 30 = 8*a - 2*a. Suppose -a*i - 120 = -0*i. What is the tens digit of 20/i*-64*(-6)/(-5)?
6
Suppose 2*c + 2*w = -7 + 3, 3*c + 5*w = -14. Suppose c*b + i = 234, b - 4*i + 0*i = 126. What is the units digit of b?
8
Let t(h) be the first derivative of 4*h**3/3 - 77*h**2/2 + 25*h - 217. What is the units digit of t(29)?
6
Suppose -3*g + 16 = g. Suppose -g*u = r - 172, -4*u + 233 - 53 = 3*r. What is the units digit of u?
2
Let t = -12137 + 32927. What is the ten thousands digit of t?
2
Let m(k) = 3*k**2 + 45. Let p be m(17). Let r = -577 + p. What is the units digit of r?
5
Let z(l) be the third derivative of 0*l + 0*l**4 + 0 + 13*l**2 + 4/3*l**3 + 1/60*l**5. What is the tens digit of z(3)?
1
Let b be (0/3)/2 + 0. Let v be (4 - 0) + b - 126. Let a = -86 - v. What is the units digit of a?
6
Let q(u) = -8*u - 17. Let f be q(-3). Suppose f*n - 701 - 8455 = 0. What is the hundreds digit of n?
3
Suppose 2*i = i + 5*r + 147, 651 = 4*i + r. Suppose -31 = -6*b - 679. Let u = i + b. What is the tens digit of u?
5
Suppose 0 = -3*n - k + 12, -n + 4 = -k - 4*k. What is the tens digit of (n - (-14)/(-2)) + 339?
3
Suppose -3*i + 3*d = -4188, 2*i = 2*d - 3*d + 2783. Let y = 2769 - i. Suppose -14*z + y = 2*z. What is the tens digit of z?
8
Suppose 0 = -51*y - 8*y + 1534. Suppose y*p - 3*p - 25990 = 0. What is the tens digit of p?
3
Let f(x) = x**3 - x**2 - 2*x + 2. Let m be f(0). Suppose 2*r - 2*y = -y - 81, 0 = 4*r + m*y + 158. What is the units digit of 2*25*1*r/(-50)?
0
Let h(t) = 3*t**3 + 174*t - 1879. What is the thousands digit of h(11)?
4
Suppose 12*q - 12957 = 28635. Let b = -1892 + q. What is the thousands digit of b?
1
What is the hundreds digit of -2 - -5 - 7/((-14)/38764)?
3
Let d = 4577 - 4573. Let o(q) = 3*q - 1. Let s be o(-2). What is the units digit of (3542/s)/(d - 6)?
3
Let f = 111898 - 65301. What is the thousands digit of f?
6
Let g(z) = -z**3 - 9*z**2 + z + 17. Suppose -15*y + 10*y - 45 = 0. Let k be g(y). Suppose -62 = -3*m - u, -k*m - 5*u + 70 = -5*m. What is the tens digit of m?
2
Let t be 0*(1 - (-25)/(-20)). What is the tens digit of 2/(6/879) + t?
9
Let v = 20647 + -7489. What is the thousands digit of v?
3
What is the thousands digit of 23832 + 4 + 17/1?
3
Let d(x) = x**3 + 48*x**2 - 167*x - 208. What is the units digit of d(-50)?
2
Let m = 99126 + -68798. What is the ten thousands digit of m?
3
Suppose 347*q = 348*q + 1. Let w(d) = -736*d**3 + 5*d**2 + d. What is the hundreds digit of w(q)?
7
Let p be -109*(2 - (-3 + (0 - -4))). Let q = p + 398. What is the tens digit of q?
8
Let m(c) be the first derivative of 2*c**3/3 + 4*c**2 - 4*c + 13. Let g be m(-6). What is the tens digit of -5*(-1)/(g/268)?
6
Let b(g) = g**3 + 8*g**2 + 5*g - 11. Let n be b(-7). Suppose -n*m = -0 - 15. Suppose -3*h = -3*f + 145 + 188, 2*h = m*f - 564. What is the tens digit of f?
1
Let j be 5 - (12/24)/((-2)/(-4)). Let a(y) = 15*y**2 + y - 15. What is the hundreds digit of a(j)?
2
Let p = -819 + 331. What is the hundreds digit of 7*(-54)/(-63) - p?
4
Suppose o = -18*o + 33060. Suppose -7877 = -5*p - 2*r, -4*p - 2*r = -4560 - o. What is the hundreds digit of p?
5
Let s be 338/(-5) + (-60)/150. Let i be (7/4)/(17/s). Let l = 69 - i. What is the units digit of l?
6
Suppose -4*o - 2*n + 63134 = 0, -35*o + 34*o - 4*n + 15808 = 0. What is the ten thousands digit of o?
1
Suppose -5*q = -3*f + 413 + 278, 2*f = -2*q + 482. What is the hundreds digit of f?
2
Let f(h) = -28*h + 67*h - 22 - 16*h - 5 - h**2. Let w be f(26). Let m = w + 189. What is the tens digit of m?
8
Suppose 0 = -22*s + 10*s + 156. Suppose -3*b + 12*v = s*v - 352, -20 = -5*v. What is the tens digit of b?
1
Suppose 2*t = 2*h + 688, -1720 = 4*t - 9*t - h. Let m(r) = r**3 - r**2 - 13*r + 9. Let s be m(4). Suppose 76 = s*u - t. What is the tens digit of u?
8
Suppose -d = -2*f + 12379, -7*f + 8*f + 4*d = 6203. What is the units digit of f?
1
Suppose q - 20067 = 2*u, 4*q - 656*u = -658*u + 80278. What is the units digit of q?
9
What is the thousands digit of (-2)/((-559095)/(-37275) - 15)?
2
Let p be -1 - (0 + (-11 - -4)). Suppose p*t = 83 + 109. Suppose -n + t - 3 = -4*x, -2*n + 4*x = -46. What is the units digit of n?
7
Let j(s) = -s + 1. Let r(b) = b**3 - 2*b**2 - b + 7. Suppose 6*c = 3*c + 3. Let p(f) = c*r(f) - 5*j(f). What is the units digit of p(5)?
7
Let v = 3738 - 1863. What is the thousands digit of v?
1
Let m(n) = -12839*n - 3342. What is the ten thousands digit of m(-6)?
7
Suppose -5*l + 247990 = 56*n - 60*n, 4*l = -5*n + 198392. What is the tens digit of l?
9
Suppose 0 = -2*t + g + 15658, t - 2964 = g + 4865. What is the hundreds digit of t?
8
Suppose 2*k - 8 = -4*c + 3*c, -5*k = 3*c - 22. Suppose k*l - 5*l = 5*m - 3962, l = -5*m + 1334. What is the thousands digit of l?
1
Let w(g) = -g**3 + 26*g**2 + g - 4. Suppose 4*n = 2*n - p + 50, p = -n + 24. What is the tens digit of w(n)?
2
Suppose -2*x + 2 = 2*i, -i = -0*i. What is the hundreds digit of ((0 - -235) + -2)*x?
2
Suppose -3*g - 5*b + 9525 = -1738, 2*g - 7506 = -2*b. What is the hundreds digit of g?
7
Suppose -u = 5*b - 18109 + 2454, 0 = 4*b - 3*u - 12543. What is the tens digit of b?
3
Let y(i) = -2*i**3 + 51*i**2 - 5*i + 7. What is the units digit of y(21)?
1
Suppose -2*n = -2*n + 4*n. Let l be n*3/12 - -1. What is the tens digit of ((-546)/30)/(l/(-5))?
9
Let j = -576 + 579. What is the thousands digit of (j*16/(-36))/((-3)/2952)?
1
Let t be (-1)/1 + 240/(-2). Let c = 4017 - 4194. Let q = t - c. What is the tens digit of q?
5
What is the tens digit of (-1153)/((1 - 150/24) + 5)?
1
Suppose -3*h + 1386 = 3*h. Let w be (240/56)/((-3)/h). Let p = w + 498. What is the units digit of p?
8
Let k be (-21 - -7)*3/(-2). Let o(b) = b**2 - 17*b - 13. What is the units digit of o(k)?
1
Let l(k) be the third derivative of 49*k**4/24 + 5*k**3/6 + 9*k**2. Let u be l(3). Suppose 0*p - 2*p + 10 = 0, u = 4*q - 4*p. What is the tens digit of q?
4
Suppose -4*q = 2*f - 161074 + 52254, 5*q = -2*f + 136023. What is the ten thousands digit of q?
2
Let q(p) = -649*p - 2830. What is the thousands digit of q(-96)?
9
Let u = 3300 + 1172. What is the thousands digit of u?
4
Suppose 2*p - 3*q = 71 + 1142, -5*p + q = -3039. Suppose -2*f = -1696 - p. What is the hundreds digit of f?
1
Suppose 15*x - 113 + 23 = 0. What is the tens digit of 16425/30 - x/12?
4
Let q = 40 - 40. Suppose q = -68*d + 62*d + 510. What is the tens digit of d?
8
Suppose -5*w - 22 = d, -5 = -2*d - 3*d - 2*w. Suppose 204 = d*n + 3*k, 8*n - k = 7*n + 68. What is the tens digit of n?
6
Suppose 2*x - 7 = -p, 4*p + 5*x - 25 = 9*p. Let m(f) = 211*f**2 - 13*f - 3. What is the tens digit of m(p)?
2
Let r(i) = -40*i + 166. Let j be ((-5)/1)/(9/18). What is the tens digit of r(j)?
6
Let y = -72 - -195. Suppose -y = 3*x - 885. What is the units digit of x?
4
Let u = -172 - -223. Let x = 15 + u. What is the tens digit of x?
6
Suppose 0 = 559*r - 557*r - 6. What is the tens digit of r/3*81 - (14 - 15)?
8
Suppose -g + 9 + 6 = v, 4*v - 2*g = 30. Suppose -14 = 4*l + v. What is the units digit of ((-10)/l)/(6/198)?
5
Let d(g) = g**2 - 4*g - 9. Let a be d(-4). Let m = a + -92. Let x = -47 - m. What is the tens digit of x?
2
Suppose 217 = 5*v - r - 1765, 0 = -4*v - 2*r + 1594. Let j = v - 185. What is the hundreds digit of j?
2
Let r(g) = 19*g + 52. Let q be r(-11). Let k be q/4 - (2 - (-20)/(-16)). Let y = -27 - k. What is the tens digit of y?
1
Let q = -34 - -39. Suppose 14 - 4 = q*n. What is the units digit of ((-3)/9)/(n/30)*-1?
5
Let m = 12178 - 6781. What is the thousands digit of m?
5
Suppose -2*l - 3*l + 4*h + 374 = 0, 4*h - 366 = -5*l. Suppose -l*a + 63*a = -462. What is the units digit of a?
2
Suppose -5*j + 8*j = -522. Let d = 192 + j. What is the tens digit of d?
1
Let l = 3166 - 1791. Suppose -l = 5*m - 3375. What is the hundreds digit of m?
4
Let j be ((-4)/6)/((-2)/(-21)). Let q(n) = n**3 + 9*n**2 + 9*n - 5. Let y be q(j). Suppose -3*d - c = -177, y - 213 = -3*d + c. What is the